False
Let v = -92 - -61. Is 1/(-1 + (-32)/v) a prime number?
True
Let t be ((-2)/1)/(2/(-3)). Suppose 5*v = 4*o - 33, -o = -4*o - t*v - 9. Suppose o*b = b + 118. Is b composite?
True
Suppose 3*z = -3*r + 498, -4*r - 3*z + 654 = -z. Is r a composite number?
True
Let p(x) = 15*x - 1. Let d be p(-1). Let j = 93 + d. Is j composite?
True
Let o(a) = a + 6. Suppose 4*v = 3*v - 12. Let m = -5 - v. Is o(m) a prime number?
True
Suppose 17*n - 19*n + 1324 = 0. Is n a composite number?
True
Let m = 13 + -194. Let w(a) = 6*a**2 - 6*a - 10. Let z be w(8). Let l = m + z. Is l prime?
False
Let q(a) = a**2 + 4. Let o = -2 + 2. Let y be q(o). Suppose 2*k - 4*k - 98 = -2*c, 102 = 2*c - y*k. Is c a composite number?
False
Let r = 56 - -411. Is r prime?
True
Let d(i) = i**3 - i - 37. Let u = 2 - 2. Let m be d(u). Is (0 - m)*(0 + 1) prime?
True
Let b(f) = -19*f + 6. Let m be b(5). Let r = m + 412. Is r composite?
True
Let g(d) = d**2 + 5*d - 12. Let o be g(-7). Is o/(-4)*4 - -151 a prime number?
True
Let w = -999 - -1416. Is w a prime number?
False
Let w be ((-1)/2)/(3/(-18)). Suppose 3*x = -3*k + 144, 2*k - w*x = 2*x + 103. Is k a composite number?
True
Suppose -5*d + 2*c + 1637 = -2*c, 3*d - 4*c - 979 = 0. Let g = d + -202. Is g prime?
True
Let g(x) = -449*x**3 + 2*x**2 + 3*x + 1. Is g(-1) a composite number?
False
Is (1 - -255) + (-6 - -3) prime?
False
Suppose q = -q + 12. Suppose 3*p = -0*p + q. Is p composite?
False
Let r(n) = -n**3 + 4*n**2 - 6*n - 20. Is r(-11) a composite number?
False
Suppose -3*m + 1556 = 3*n + 548, 2*n = 5*m + 637. Is n prime?
True
Suppose 2*j - 3*j = -5*h + 131, 0 = -4*h + j + 104. Suppose -2*k = i - 7, 3*i + 1 = -3*k + 7. Suppose -h - 3 = -k*w. Is w prime?
False
Suppose -4*a - 514 = -2*w + 176, -5*w = 3*a - 1673. Is w prime?
True
Let g(q) = -q**3 - 10*q**2 - q + 13. Is g(-11) composite?
True
Let q(l) be the second derivative of 3*l**3 - 3*l**2/2 - 2*l. Is q(3) a prime number?
False
Suppose 4 = -3*b - 5. Let q(m) = 13*m**2 - 2*m + 4. Is q(b) prime?
True
Let z(t) = t**3 - 7*t**2 - t + 9. Let w be z(7). Let k(n) = -1 + 0 - n**w + n - 5*n**3 + 0*n**2. Is k(-2) composite?
True
Let v(z) = z**3 - 6*z**2 + 6*z. Let c be v(4). Let q be c/36 - (-2571)/27. Suppose 0*p = 5*p - q. Is p composite?
False
Let p = -304 - -495. Is p a prime number?
True
Suppose 0 = -y + 4*k + 1075, -5*y - 3*k = k - 5447. Is y a composite number?
False
Let h be 5/(-2)*-1*28. Suppose -152 + 424 = 2*f. Is (-2)/(f/h - 2) a prime number?
False
Suppose 0 = -4*g + 2*l + 210, 10*g - 3*l - 260 = 5*g. Is g a prime number?
False
Is (-14104)/(-3) - ((-6)/9)/(-2) a composite number?
True
Let y(c) = 9*c**2 - 5*c - 15. Is y(-6) a composite number?
True
Is (-2)/(84/(-390)) - 4/14 prime?
False
Suppose 0 = 2*n - 1 - 3. Suppose 3*v + 25 = q + 4*q, 5*v = -5*q + 25. Suppose v = -5*i + 3*a + 327 - 91, -n*i + a = -95. Is i a prime number?
False
Let r = 11 - -22. Suppose 59 = 4*i - 5*u, -17 = -4*i + 2*u + r. Is i a composite number?
False
Suppose 4*j - 762 = 2*i, -2*j - 2*i + 32 = -334. Let s = j - 103. Is s composite?
True
Let y be ((-32)/(-12))/(1/96). Suppose -2*r + y = -6*r. Let t = -29 - r. Is t composite?
True
Let h(t) = 26*t - 7. Is h(4) prime?
True
Suppose -376 = -5*l + 39. Suppose 5*m = 332 + l. Is m prime?
True
Let q(o) = o. Let u be q(4). Suppose -3*a = -u*k + 11, 4*k - 23 = -a - 0*a. Is (a - 20/6)*-78 a composite number?
True
Let c = -15 + 18. Let h(y) = y**3 + 4*y**2 - y - 1. Is h(c) composite?
False
Let f = 5 - 2. Let j(p) = -f*p + 5*p + 49 - p. Is j(0) a prime number?
False
Let r(o) be the second derivative of -o**4/12 - 4*o**3/3 - 11*o**2/2 - 2*o. Is r(-5) a composite number?
True
Let g be 1069 - (0 - (-1 - 0)). Is (-1)/2*g/(-6) composite?
False
Suppose 16 - 4 = w - 4*g, 4*w = 4*g + 24. Suppose -h + 2*i - i = -1, -3*i = w*h - 25. Suppose -3*q - 5*x = -104, -h*q - 4*x = -146 - 6. Is q prime?
True
Let v = 124 - 116. Suppose -5*n + 22 = p - 0*p, 4*n + 5*p - 26 = 0. Is (-5)/((v/(-46))/n) a composite number?
True
Let u(l) = 72*l**2 + l + 3. Is u(-4) prime?
True
Let p(d) be the second derivative of -d**3/6 + 3*d**2 - 3*d. Let b be p(0). Is 47*(-2)/b*-3 a prime number?
True
Let m be (2/(-3))/((-1)/3). Is 90 - (-1 - 0/m) a prime number?
False
Suppose -1953 = -y + 1066. Is y prime?
True
Suppose h + 5*n + 6 = 0, 3*h - 2*h = 5*n + 14. Is (-2)/h + 5445/6 composite?
False
Let l be 156/42 + 4/14. Is (445/(-25))/(l/(-20)) a composite number?
False
Let i(g) = -g**2 + 16*g - 4. Is i(9) prime?
True
Let t(i) = -1008*i**3 + i**2. Let k be t(-1). Suppose 2*s + 623 = 2*c + c, k = 5*c + 4*s. Is c prime?
False
Suppose 0 = -2*l + l - 67. Let d = 102 + l. Is d prime?
False
Let u(y) be the second derivative of -5*y**3/2 + y**2 - 2*y. Let p be u(-4). Let w = 3 + p. Is w composite?
True
Let t be (8/3)/((-4)/(-6)). Let c(i) = 3*i**2. Let w be c(-1). Suppose -t*z + 20 = -2*q, -z + 0 = -q - w. Is z a composite number?
False
Let y be (1/(-2))/((-1)/24). Suppose -4*k = y, 0*d - 5*d = -5*k - 35. Is d composite?
True
Let p(f) = -f**3 - 8*f**2 + 3*f + 13. Is p(-15) a composite number?
False
Let w(s) = 3*s**3 + 6*s**2 + s - 13. Let t(b) = -7*b**3 - 12*b**2 - 3*b + 27. Let q(r) = -4*t(r) - 9*w(r). Is q(11) composite?
False
Let x(f) = -f**2 - 14*f - 14. Is x(-5) prime?
True
Let q be (-1 - -102)/((-3)/(-15)). Suppose -5*c + 2221 = -1329. Let i = c - q. Is i composite?
True
Suppose -6*n + 4 = -4*n. Suppose n*h - 438 = x, 4*x = 4*h - 278 - 606. Is h a prime number?
False
Is (-8088)/(-32) - (-2)/8 composite?
True
Suppose -4*n = d - 139, -4*d - 2*n = -285 - 285. Is d composite?
True
Is (8/16)/(1/206) composite?
False
Suppose -r + 4 = -1. Suppose r*h + 103 = o, -86 - 321 = -5*o - 2*h. Is o composite?
False
Let p = 2 - -2. Let l be 0/(-1) + (p - 2). Suppose l*o - 39 = -o. Is o prime?
True
Let u = 10 - 6. Is (u/(-6))/((-6)/27) a prime number?
True
Suppose -24 = -2*z - 4*d, -24 = -4*z + 2*z + 5*d. Is (z - 3)/3 - -82 composite?
True
Let o be (6/5)/(2/10). Is (1/3)/(o/1998) prime?
False
Suppose -5*s = -g - 38, 2*g - s + 58 = -0*s. Is 12/g + (-920)/(-7) prime?
True
Let q(d) = d**3 + 10*d**2 + 6*d + 6. Let v(h) be the third derivative of -h**5/60 + h**4/3 - 7*h**3/6 + 2*h**2. Let s be v(8). Is q(s) a composite number?
True
Let u(p) = -p**2 + 5*p. Let v be u(3). Suppose 369 = v*w - 3*w. Is w a prime number?
False
Let o = -186 - -391. Is o a composite number?
True
Suppose f + f - 4 = 0. Suppose 3*c - 5*i + f*i - 2928 = 0, i = -2*c + 1967. Is 10/(-55) - c/(-11) a prime number?
True
Let h(c) = -43*c**3 - 2*c - 1. Let n be h(-1). Suppose z - 4*s - s - 11 = 0, -3*s - n = -4*z. Is z a composite number?
False
Suppose 0 = 3*l - 446 - 103. Is l prime?
False
Suppose x - 2*x = 5. Let q = 511 + 848. Is (-2)/x + q/15 a prime number?
False
Suppose c = 2*n - 467, -222 + 701 = 2*n + 3*c. Is n a composite number?
True
Let j(h) = h + 7. Let l be (-6 - (0 - 1)) + 0. Let r be j(l). Suppose i + r*i = 237. Is i composite?
False
Let a = -278 + 405. Is a a composite number?
False
Let m = -3 + 5. Let n(i) = -i**3 - 15*i**2 + 14*i - 21. Let j be n(-16). Suppose j = m*f - 1. Is f composite?
True
Is ((-158)/4)/(17/(-34)) prime?
True
Suppose -25*f - 1479 = -28*f. Is f prime?
False
Suppose -5*i - 23 + 3 = 0, 4*i + 3306 = 5*x. Let d = x + -451. Suppose 4*n - 253 = d. Is n a composite number?
True
Suppose -3*a - 3*b = -12, 0 = 3*a - 0*a + b - 8. Suppose 2*c + 5*g + 12 = 0, a*c = -2*c + 2*g + 24. Suppose -3*u + u = c*m - 226, -3*m = -u - 162. Is m prime?
False
Let l = 0 + 0. Suppose 5*k + 5*t - 9 - 86 = 0, 32 = 3*k - 2*t. Let j = k - l. Is j a composite number?
True
Suppose -327 = 3*v - 4*v. Suppose 3*i - v = -0*i. Is i a composite number?
False
Let g(c) = c**2 - 4*c - 10. Let t be (2/2 + 2)*-1. Let s(w) = w**3 + 5*w**2 + 3*w - 2. Let d be s(t). Is g(d) a composite number?
False
Let t = -1407 - -2224. Is t prime?
False
Suppose 3*t - 2*t - 41 = 3*p, -116 = -3*t + 2*p. Is t prime?
False
Let a(h) = h - 4. Let f be a(7). Is 2/(-6) - (-103)/f composite?
True
Let s(t) = 5*t - 4 - 1 + 22*t**2 + 1. Is s(3) composite?
True
Let w = 10 + -6. Suppose p = -w*p + 2*r + 327, -4*p - r = -272. Is p a prime number?
True
Let k = -15 - -14. Let x(v) = -91*v + 23*v + 0 - 1. Is x(k) a prime number?
True
Let y(i) = i**3 - 5*i**2 + 5*i - 1. Let n be y(4). Suppose -3*w - 3*v = v, -